
Let h = 15 + 3. Suppose -4*i = 2*c + 2, 5*c = 2*i + 3*c - 14. What is the highest common factor of i and h?
2
Suppose 0 = 3*l - 14 - 70. Calculate the greatest common divisor of 7 and l.
7
Let g(t) = -31*t + 1. Let u be g(-2). What is the highest common factor of u and 9?
9
Let k(u) = u**2 + 3*u + 3. Let m be k(-7). Suppose 5*g - m + 11 = 0. What is the highest common divisor of 28 and g?
4
Let n = 17 + -11. Suppose -i + n = -5. Suppose -4*x - i = -55. What is the highest common factor of x and 11?
11
Let b(m) be the third derivative of -m**6/60 - m**5/60 + m**4/8 + 3*m**2. Let j be b(-3). Calculate the highest common divisor of 12 and j.
12
Let a = 12 - 14. Let h be (-6)/(-4)*a/(-1). What is the highest common divisor of 21 and h?
3
Let m = -26 - -61. Calculate the highest common divisor of m and 7.
7
Let x(q) = 4*q - 1. Let s be x(7). Calculate the greatest common factor of s and 351.
27
Suppose 0 = -3*p - 6, 2*s - 6 = s + 2*p. What is the greatest common divisor of 6 and s?
2
Let s = 34 - 18. Calculate the greatest common factor of s and 144.
16
Suppose -2*j + 120 = -60. What is the greatest common divisor of j and 18?
18
Let b = 13 - 11. Calculate the greatest common divisor of 8 and b.
2
Let h = 617 + -320. What is the highest common factor of h and 33?
33
Let b = -109 - -144. What is the highest common factor of 5 and b?
5
Let x(g) = g**3 - 11*g**2 + 11*g - 9. Let i be x(10). Calculate the greatest common divisor of 8 and i.
1
Let o = -7 + 39. What is the greatest common factor of o and 4?
4
Suppose -133 = -4*q + d, 3*q = -3*d - 22 + 133. Let c be 3 + -3 + 2 + q. What is the greatest common divisor of 90 and c?
18
Let g = 26 - 16. Calculate the greatest common divisor of 5 and g.
5
Let z = 28 + -10. Let o be ((-6)/(-18))/(3/z). Let w be (-4)/(-2)*(1 + 1). Calculate the greatest common divisor of w and o.
2
Let o(n) = 7*n**3 + 7 + 3*n - 5 - n - 27*n**3. Let s be o(-1). What is the greatest common factor of s and 30?
10
Suppose d + 5 = 17. Let z(u) = -u**2 + 11. Let x be z(0). Suppose -7 = -5*j - i + d, -3*j + 5*i = x. Calculate the highest common factor of j and 24.
3
Suppose -105 = -d + 4*t - 13, 4*d - 4*t - 344 = 0. What is the greatest common divisor of 210 and d?
42
Let n(h) = -3*h**2 + 7*h - 1 - h**2 + 3*h**2. Let w be n(6). Let s be -45*(-1)/((-2)/(-2)). Calculate the greatest common divisor of w and s.
5
Suppose -4*v - 4*l = l - 231, 2*v = 2*l + 138. What is the highest common divisor of v and 32?
32
Let d = -117 + 147. What is the greatest common factor of 75 and d?
15
Suppose 0*s + 111 = 4*s - 5*g, g - 59 = -2*s. Suppose -4*k + s = -27. What is the highest common divisor of k and 112?
14
Let f(s) = -3*s - 7. Let q be f(-5). What is the greatest common factor of q and 16?
8
Suppose 3*u = 2*w - 2*u - 10, -u = -5*w + 2. Let r(a) = a + 120. Let x be r(w). What is the greatest common divisor of 15 and x?
15
Let n = 15 + 2. Let g be 14/(-21) - n/(-3). Suppose 3*x - 156 = -g*m, 2*x = 5*m - 0*m - 171. What is the highest common factor of 3 and m?
3
Suppose -2 = o, 7*o - 4 = 4*k + 11*o. Let n = 11 + -4. Calculate the highest common divisor of n and k.
1
Suppose 2*h - 5*k - 135 = -h, 5*h = k + 203. Calculate the highest common factor of h and 24.
8
Let q be ((-1)/1 - -2)*-1. Let p(d) = -88*d**3 - d - 1. Let s be p(q). Calculate the highest common divisor of 22 and s.
22
Let p = -67 + 112. Suppose -4*w + 152 = 32. What is the highest common factor of p and w?
15
Let d be (-7)/((-21)/12) - -34. What is the greatest common divisor of d and 57?
19
Let h(k) = -8*k - 6. Let w be h(-3). Calculate the highest common divisor of 9 and w.
9
Suppose 3*y - 22 = 170. What is the highest common divisor of 16 and y?
16
Suppose -4*i - 1 + 21 = 0. Calculate the greatest common divisor of 1 and i.
1
Let v = 138 + -235. Let n = -31 - v. Let s = -4 + 10. Calculate the greatest common divisor of s and n.
6
Suppose -336 = -3*m + 129. Suppose -5*f = 2 - 12, -3*v + 5*f = -m. Calculate the greatest common divisor of v and 11.
11
Suppose 3*x = 4*p + 491, 9*x - 10*x - 4*p + 169 = 0. Let v(l) = -l**3 + 5*l**2 + l - 5. Let y be v(4). What is the highest common factor of y and x?
15
Let t(k) = -8*k**3 - k**2 - k. Let b be t(-1). Calculate the greatest common factor of 4 and b.
4
Let i(j) = 9*j - 12. Let b be i(8). Suppose -20 + b = 4*v. What is the greatest common factor of v and 1?
1
Let a = 9 - 7. Suppose -2*m + 10 = a*h, 7*m - 23 = 4*m - 5*h. What is the greatest common factor of m and 11?
1
Let j(i) = -i**2 - 11*i - 13. Suppose 70 = -5*c + 5*k, 5*c + 0*c - 4*k = -65. Let t be j(c). Calculate the greatest common divisor of 45 and t.
5
Let r = 13 + -13. Suppose -4*j + 4*f + 46 = j, -5*j + 3*f + 47 = r. Calculate the highest common factor of j and 50.
10
Let p be (-4 - (0 + 6))*-1. What is the greatest common factor of p and 5?
5
Suppose 2*g = 10, -d + 3 = -0*g - g. What is the greatest common divisor of d and 8?
8
Suppose 40 = 67*u - 62*u. Calculate the highest common factor of 8 and u.
8
Let r(j) = 3*j**2 - 2*j - 10. Let o be r(6). What is the greatest common factor of o and 129?
43
Suppose 9 = -5*r + 2*u, 0 = 2*r - 2*u - u + 8. Let b be r*3 - -1 - 7. Let p be b*2/(-4)*2. Calculate the greatest common divisor of 1 and p.
1
Let j = -65 + 70. Suppose 0 = -5*o - 1 + 21. Let s be (5/o)/(1/20). Calculate the greatest common divisor of s and j.
5
Let b = -53 + 71. Calculate the greatest common divisor of b and 45.
9
Let t(o) = o**3 - 2*o**2 - 4*o - 3. Let l be t(6). Calculate the greatest common divisor of 13 and l.
13
Let y(c) = -c**2 - c + 1 - 5*c + 4*c + c**3. Let l be y(3). Let b(j) = j**2 + 23*j + 41. Let o be b(-24). What is the highest common divisor of o and l?
13
Suppose -m - w = -8 - 27, 0 = -3*m - 5*w + 107. Let n(i) = -7*i - 32. Let l be n(-7). What is the greatest common factor of m and l?
17
Let o = -6 + 24. Let l be (-1355)/(-50) + (-3)/30. Calculate the greatest common factor of o and l.
9
Suppose -5*a + 5*w = 6*w - 46, -a + 3*w + 22 = 0. Calculate the highest common divisor of 30 and a.
10
Let a = -42 + 96. What is the greatest common divisor of 6 and a?
6
Suppose -3*q = 5*p - 126 + 9, 2*q - 94 = -4*p. Calculate the highest common divisor of p and 288.
24
Let k(c) = 12*c - 1. Let s be k(3). Suppose 2*o - 3*o = -16. Let b = o + -11. Calculate the highest common factor of s and b.
5
Suppose 4*z + 2 = 26. Let u be 0*(-3 - (-15)/z). Suppose u*g + 45 = 5*g. What is the greatest common divisor of 1 and g?
1
Let x = -175 + 327. Calculate the greatest common factor of 19 and x.
19
Let a = 0 + 3. Suppose -16 = -a*f + 11. What is the highest common divisor of 81 and f?
9
Let v = 44 + -28. Calculate the highest common divisor of 128 and v.
16
Let z = 5 - 10. Let g be 336/30 - 1/5. Let c = z + g. Calculate the greatest common divisor of c and 9.
3
Suppose 5*f + 4*c - 69 = -18, f - 5*c = 16. What is the greatest common factor of 88 and f?
11
Let w(a) = 2*a + 16. Let r be w(-2). Calculate the highest common divisor of 324 and r.
12
Let s be -4 - (3*-1 + 2). Let m be ((-48)/s - -1) + 2. Suppose 1 = -2*t - 1, 2*t - m = -d. Calculate the greatest common factor of 7 and d.
7
Suppose -3*i - 2 = 16. Let k = i - -44. Suppose 3*f - 2*a = 3*a + k, -2*a = 2. Calculate the highest common divisor of 77 and f.
11
Suppose 3*p + 2*k + 0 = 1, -5*p + 10 = 5*k. Let m = p - -22. Calculate the greatest common divisor of m and 19.
19
Suppose 15 = 3*v, -2*v - v - 4 = -g. What is the highest common factor of g and 152?
19
Let b(f) = 3*f - 1. Let a be b(1). What is the highest common factor of a and 16?
2
Let d(z) = -5*z**2 - 8*z - 3. Let h(o) = 4*o**2 + 7*o + 3. Let p(i) = -5*d(i) - 6*h(i). Let y be p(-4). What is the highest common factor of 63 and y?
21
Let u be 9 - -61 - 0/(2 - 1). Calculate the highest common factor of 10 and u.
10
Suppose -2*h + 156 = 2*h. Calculate the greatest common factor of 26 and h.
13
Let l be -35*(-8)/12 + (-1)/3. Calculate the greatest common factor of l and 253.
23
Let o = 30 - 17. Let l be (o - 2) + -2 - -2. Suppose -5*a + 4*q + 47 = 0, 4*q = 2 + 6. Calculate the greatest common factor of a and l.
11
Let l = 17 - 10. Let o be l + 0/((-3)/3). What is the greatest common divisor of o and 56?
7
Suppose 5*x + 4*p = 176, 2*x + 2*p = -0*p + 70. Calculate the g